 -4). Let q be -2 + (p - -2) - 10/(-10). Is -1*((-374 - 5) + q) prime?
True
Let u(m) = 516*m + 55. Let f be ((-16)/(-72))/(2/18) - -10. Is u(f) composite?
False
Let a = 111 - 108. Suppose -1889 = -w + 4*c, a*c = -5*w + 8*c + 9490. Is w a composite number?
False
Suppose 5*x + 2*k - 333461 = 0, 0 = -x - 2*k + 22235 + 44462. Is x prime?
False
Suppose -3*g + 5*v + 12 = 0, -v - 4*v - 13 = -2*g. Let r = 1 + g. Suppose r = -2*m + 7*m - 1335. Is m prime?
False
Let a(z) = 47*z**2 + 18*z + 89. Suppose 294 = -22*r + r. Is a(r) a prime number?
True
Let z be -6*3/6 - (1 + -6). Suppose 0 = 2*l + 3 + 3, -162 = 4*f + z*l. Is (-2)/(-6) + (-111644)/f a composite number?
True
Let g(l) = l**3 - 5*l**2 - 6*l + 11. Let b be g(6). Suppose -b*q = -7*q - 1384. Suppose w + 53 = q. Is w a prime number?
True
Let s be (6/(-4))/((-11)/22). Suppose 0 = -8*r + s*r + 6810. Suppose -192 = -6*o + r. Is o prime?
False
Suppose 5*f = 29 - 9. Suppose -a = 10 - 19. Suppose -5*u - 1 = a, f*n = -3*u + 1378. Is n a composite number?
True
Let z(v) = -8769*v - 1057. Is z(-4) a prime number?
True
Let u(k) = 4*k**3 + 21*k**2 + 17*k - 2. Let h be u(-8). Suppose 4*z - 5473 - 2291 = 0. Let f = z + h. Is f composite?
True
Let y(t) = -488466*t - 4325. Is y(-6) a prime number?
False
Let b(r) be the second derivative of 45*r**4 - r**3/2 + r**2/2 - r. Let d = 928 + -926. Is b(d) a composite number?
True
Suppose 10*l - 5 = 9*l. Suppose 0 = -l*f + 4*r - 4, -5*f + 5*r + 0 - 5 = 0. Suppose q + 3 = 0, -3*t - 2*t + q + 23918 = f. Is t a composite number?
False
Let i be 3*2/21 - 1155/(-245). Suppose -2*p + 3*p + 2*o = 695, i*p + 4*o - 3493 = 0. Is p prime?
True
Is (-9698715)/(-130) - (-114)/12 a prime number?
False
Let k be (-3)/(-2) - (-116)/8*1. Suppose k*g = 5*g + 5269. Is 1 + 0 + g + (-19)/19 prime?
True
Let t(d) = 13*d - 47. Let j be t(4). Suppose -2*z + 2*w = -5888, 2323 = -2*z - j*w + 8176. Is z composite?
False
Let g(u) be the third derivative of 409*u**5/120 - 3*u**4/4 + 4*u**3 + 2*u**2. Let q(s) be the first derivative of g(s). Is q(7) composite?
True
Suppose -1109652 - 686511 = -46*i + 1464455. Is i composite?
True
Let o be (12/(-14))/((-4)/28). Let u = -2619 - -2615. Is (u - (-7 - 1)) + o a composite number?
True
Suppose 297*z - 295*z - p = 96190, -5*z = 5*p - 240505. Is z composite?
True
Suppose 2*p - 6 = 6. Let h be 3 + (13176/(-7) - p/(-21)). Is 2*(h/(-14) - 18/(-63)) a composite number?
False
Let s(v) = 12*v**2 - 19*v + 35. Let n be s(2). Is n/(-9) + 29491 + -1 composite?
True
Let g(x) = -29*x + 87. Let l(t) = -13*t**3 - t**2 - t + 1. Let j be l(1). Is g(j) a composite number?
True
Let c(h) = -1021*h**3 - 7*h**2 + 3*h + 19. Let j be c(3). Let t = 8381 - j. Is t a prime number?
True
Let c = 19877 + 11696. Is c prime?
True
Let y(h) = -2*h**3 + 7*h**3 + 3*h + 21 + 8*h**2 - 4*h**2. Is y(8) a composite number?
False
Let p be 199 + (-6 - -7) + 1. Let u = p - 10. Is u a prime number?
True
Let z = 1884299 - 1110160. Is z composite?
True
Suppose -21*x + 1086074 - 177593 = 0. Is x a prime number?
True
Suppose 336 = -36*x + 44*x. Is (-1 - -5) + 384342/(x/3) composite?
False
Let h = 533746 - 256853. Is h a composite number?
True
Is (3/(45/6))/(-2) - (-7889292)/510 composite?
True
Let s be (-2)/12 - 9/((-378)/(-1408295)). Let o = 52546 + s. Is o composite?
True
Let z = 443614 + -119357. Is z composite?
True
Let p = -29 + 23. Let l(x) = 18*x + 25. Let j(z) = -19*z - 26. Let f(n) = p*j(n) - 5*l(n). Is f(12) a prime number?
False
Let n(w) = -w**2 - 13*w + 90. Let u be n(-18). Suppose -12*f + 19236 = -u*f. Is f a composite number?
True
Suppose 66886 - 304074 = -14*c. Suppose 5*r - 13293 = c. Is r composite?
False
Suppose 0 = -3*q - 10*r + 11*r + 636417, 0 = 8*q + 3*r - 1697146. Is q prime?
True
Let m = 38259 - -126806. Is m a prime number?
False
Let m(a) = 8733*a**3 - 3*a**2 - 6*a + 37. Is m(3) a prime number?
True
Let d(w) = -31*w**3 + 13*w**2 - 36*w - 169. Is d(-5) composite?
False
Let c be ((-1)/(-3))/(((-6)/(-6))/3). Let s be (0 + c)*(4751 - -7). Suppose 0 = 4*v + h - 6343, -v - h + s = 2*v. Is v a prime number?
False
Let a = 5233 - -28054. Is a prime?
True
Is 57132 - ((-9)/(-3) + 3 + -5) composite?
False
Suppose 4*g - 12963 = 17069. Let d = g + 29109. Is d a prime number?
False
Let r(j) be the third derivative of 167*j**4/6 - 19*j**3/6 - 4*j**2. Let n be ((48/(-28))/2)/((-3)/21). Is r(n) a prime number?
True
Suppose -20*q + 818285 - 180745 = 0. Is q composite?
True
Is (1464054/30)/(66/220) - (-10)/(-6) a prime number?
True
Let g(r) = 691*r + 2156. Is g(51) a prime number?
True
Suppose -5*j + 4*c = -15, 7 = 4*j + 4*c - 5. Suppose j*t - 18751 = 17291. Is t composite?
True
Let a(n) = -401*n**3 + 9*n**2 - 34*n - 245. Is a(-6) composite?
True
Suppose -s + 18 = 12, -3*s - 201137 = -5*o. Is o prime?
True
Let i(h) be the second derivative of 3/4*h**4 + 13/6*h**3 - 6*h + 0 + 9/2*h**2. Is i(7) composite?
False
Let p be 23/((-46)/(-4)) - (-1 - 1). Suppose p*c + 88 = 10156. Is c composite?
True
Suppose -4*c + 9*c = -2*f + 2, c = 2*f + 10. Let j be c - 0 - 46/23. Is j - -893 - (-1 + 5) a prime number?
False
Let y(j) = -3*j**3 - 3*j**2 + 206*j - 7. Is y(-15) prime?
True
Let w(g) be the second derivative of 329*g**4/2 - 4*g**3/3 - 9*g**2/2 + 88*g. Is w(-1) composite?
False
Let k(z) = -z**3 + 2*z**2 - 2*z - 1. Let t be k(1). Is (0/5)/(t/1) - -9703 a prime number?
False
Suppose z = -3*h + 254135, 5*h = 9*h + z - 338846. Let t = h + -37156. Is t composite?
True
Let l(o) = -292*o - 129. Let k(u) = 875*u + 386. Let w(q) = 4*k(q) + 11*l(q). Is w(6) composite?
True
Suppose 4*d - d - 97 = -x, 4*d - 420 = -4*x. Let m = x + -106. Is -4*m*5435/(-60) a prime number?
True
Let c be 2/1 + (-7)/28*-4. Suppose -643 + 2200 = c*m. Is m a composite number?
True
Let k(j) = 724*j**2 - 145*j + 1060. Is k(7) composite?
False
Let x = 38 + 88. Let n = x - 125. Is 683 + (-2 - (4 + -1)) + n a composite number?
True
Let z(x) = 3*x**2 - 13*x + 211. Is z(27) a composite number?
True
Let z(t) be the first derivative of -9*t - 33/4*t**4 + 3 - 7/2*t**2 + 2/3*t**3. Is z(-5) a composite number?
False
Let g(w) = -2*w**3 + 14*w**2 - 11*w - 1. Let l be g(6). Suppose 5*c + 9670 = p, -l*p + 19319 = -3*p - 3*c. Is p a composite number?
True
Is 28/16 + (-98472)/(-32) a composite number?
False
Let p = -208062 + 400523. Is p composite?
False
Let u be (3/((-12)/31))/(7/28). Let q = u - -8. Let h = 944 - q. Is h composite?
False
Let n = -486969 + 841990. Is n a composite number?
True
Suppose 6*q - 2*q + 48 = 3*p, -3*p - 3*q + 69 = 0. Suppose 23*h - p*h - 2019 = 0. Is h prime?
True
Let b(i) = 39519*i**3 + 2*i**2 - 7*i + 4. Is b(1) prime?
False
Suppose 2*z - 20725 = 5*b, -3*z - 31098 = -6*z - 3*b. Let s = z - 6703. Is s prime?
False
Let g(h) = 6932*h**2 - 26*h + 15. Is g(6) a prime number?
False
Let o = -28 - -33. Let v(l) = 1563*l + 2. Is v(o) a prime number?
True
Let r be (18/8)/(3/400*5). Suppose k = 11*k - r. Let z(t) = 48*t + 38. Is z(k) a composite number?
True
Let m = -101871 - -184348. Suppose 258683 - m = 19*h. Is h prime?
False
Suppose 160 = 24*j + 16*j. Let g(m) = 1612*m**2 + 12*m + 1. Is g(j) a composite number?
False
Let y = 338 - 285. Suppose y*r - 235773 = 40834. Is r prime?
False
Suppose -v = -3*g + 613491, 0 = -252*g + 256*g + 2*v - 818008. Is g composite?
True
Let w = 212337 - -26176. Is w composite?
True
Let a be 2*(3/(-6) - -1). Let n(i) = -1 + 392*i + 8*i + 0 - 2. Is n(a) composite?
False
Let n = -91 + 141. Is ((-16294)/4)/(n/(-100)) prime?
True
Suppose h = -4*d + 2273523, -2*h = 2*d + h - 1136749. Is d composite?
True
Suppose 14*s + 24 = 10*s. Is 3102 + s/(-24)*20 prime?
False
Let w = 42475 - 15034. Suppose -4*p = -5*o + 153641, -o + p + w = -3287. Is o composite?
True
Suppose p - 2*w = 2363643, 4727280 = -222*p + 224*p - 2*w. Is p a composite number?
True
Let a = 303387 - -39716. Is a prime?
False
Suppose 0 = -5*r + 25, -4*x - 2*r + 0*r = -162. Suppose -x = -10*k - 8. Suppose 0 = -5*o - p + 187, -3*p = k*o - 118 + 13. Is o composite?
True
Suppose 2*w + 14*w = -32. Let m be ((-66)/1)/(w + (-158)/(-76)). Let i = m - -1471. Is i a prime number?
False
Suppose -27 = -8*x - 11. Is x/((-84699)/16941 + 5) a prime number?
True
Let g(f) = -27*f - 845. Let a be g(0). Let n = 1711 + a. Is n composite?
True
Suppose 5*j + 4670 + 595 = 0. Let m = -58